mainder when 17925 is divided by 83.
80
What is the remainder when 73676 is divided by 4603?
28
What is the remainder when 17416 is divided by 61?
31
What is the remainder when 60263 is divided by 124?
123
Calculate the remainder when 1703 is divided by 343.
331
What is the remainder when 32667 is divided by 35?
12
Calculate the remainder when 504 is divided by 501.
3
Calculate the remainder when 1252 is divided by 206.
16
What is the remainder when 31300 is divided by 14?
10
Calculate the remainder when 2412 is divided by 133.
18
Calculate the remainder when 17938 is divided by 138.
136
What is the remainder when 1378 is divided by 56?
34
What is the remainder when 72681 is divided by 24223?
12
Calculate the remainder when 3137 is divided by 3135.
2
What is the remainder when 7976 is divided by 2036?
1868
Calculate the remainder when 973 is divided by 79.
25
Calculate the remainder when 12790 is divided by 78.
76
What is the remainder when 3284818 is divided by 395?
393
What is the remainder when 31912 is divided by 22?
12
What is the remainder when 160575 is divided by 62?
57
Calculate the remainder when 833933 is divided by 1130.
1123
Calculate the remainder when 9749123 is divided by 308.
307
Calculate the remainder when 2538 is divided by 47.
0
Calculate the remainder when 19327 is divided by 6436.
19
What is the remainder when 89749 is divided by 34?
23
Calculate the remainder when 10567 is divided by 203.
11
Calculate the remainder when 3004 is divided by 111.
7
Calculate the remainder when 16911 is divided by 2413.
20
What is the remainder when 441824 is divided by 63113?
33
Calculate the remainder when 158381 is divided by 79190.
1
What is the remainder when 3108 is divided by 162?
30
What is the remainder when 80232 is divided by 26738?
18
What is the remainder when 248669 is divided by 175?
169
Calculate the remainder when 47609 is divided by 126.
107
What is the remainder when 757020 is divided by 164?
160
Calculate the remainder when 720 is divided by 423.
297
What is the remainder when 633413 is divided by 158347?
25
What is the remainder when 17568 is divided by 81?
72
What is the remainder when 33101 is divided by 344?
77
Calculate the remainder when 5036 is divided by 112.
108
Calculate the remainder when 40994 is divided by 3.
2
What is the remainder when 2846 is divided by 129?
8
Calculate the remainder when 40871 is divided by 39.
38
Calculate the remainder when 4520536 is divided by 867.
865
Calculate the remainder when 21404 is divided by 293.
15
Calculate the remainder when 4337020 is divided by 906.
904
Calculate the remainder when 5481 is divided by 86.
63
What is the remainder when 7883 is divided by 9?
8
Calculate the remainder when 6091 is divided by 230.
111
Calculate the remainder when 10056 is divided by 693.
354
What is the remainder when 85284 is divided by 4264?
4
Calculate the remainder when 55579 is divided by 13893.
7
What is the remainder when 416455 is divided by 40?
15
Calculate the remainder when 47726 is divided by 15.
11
What is the remainder when 326 is divided by 145?
36
Calculate the remainder when 2581 is divided by 82.
39
Calculate the remainder when 54765 is divided by 489.
486
Calculate the remainder when 6588 is divided by 1301.
83
Calculate the remainder when 399931 is divided by 26.
25
Calculate the remainder when 13566 is divided by 4477.
135
Calculate the remainder when 53649 is divided by 139.
134
What is the remainder when 340 is divided by 138?
64
Calculate the remainder when 4057 is divided by 1886.
285
What is the remainder when 12071 is divided by 553?
458
Calculate the remainder when 707 is divided by 246.
215
Calculate the remainder when 1152 is divided by 121.
63
Calculate the remainder when 1538 is divided by 221.
212
What is the remainder when 22592 is divided by 7383?
443
Calculate the remainder when 5682 is divided by 516.
6
What is the remainder when 40177 is divided by 259?
32
Calculate the remainder when 1101 is divided by 31.
16
Calculate the remainder when 35307 is divided by 1356.
51
What is the remainder when 16838 is divided by 4209?
2
What is the remainder when 161598 is divided by 100?
98
What is the remainder when 414 is divided by 264?
150
What is the remainder when 1124361 is divided by 129?
126
What is the remainder when 80937 is divided by 8093?
7
What is the remainder when 49740 is divided by 74?
12
What is the remainder when 3085 is divided by 72?
61
Calculate the remainder when 3264 is divided by 6.
0
Calculate the remainder when 9045 is divided by 4505.
35
Calculate the remainder when 12106 is divided by 156.
94
Calculate the remainder when 170781 is divided by 9.
6
Calculate the remainder when 1527 is divided by 189.
15
What is the remainder when 108591 is divided by 53?
47
What is the remainder when 3508 is divided by 3496?
12
Calculate the remainder when 1995 is divided by 138.
63
Calculate the remainder when 47417 is divided by 226.
183
Calculate the remainder when 6056 is divided by 83.
80
What is the remainder when 65840 is divided by 1013?
1008
What is the remainder when 39516 is divided by 103?
67
Calculate the remainder when 701 is divided by 230.
11
What is the remainder when 527909 is divided by 577?
531
Calculate the remainder when 34811 is divided by 1513.
12
Calculate the remainder when 6208963 is divided by 1449.
1447
What is the remainder when 1341434 is divided by 34?
32
Calculate the remainder when 27051 is divided by 18.
15
Calculate the remainder when 611 is divided by 564.
47
Calculate the remainder when 431592 is divided by 119.
98
Calculate the remainder when 184759 is divided by 36948.
19
Calculate the remainder when 12116 is divided by 504.
20
Calculate the remainder when 5850 is divided by 392.
362
Calculate the remainder when 35000 is divided by 583.
20
Calculate the remainder when 25960 is divided by 8642.
34
Calculate the remainder when 4485 is divided by 450.
435
Calculate the remainder when 2211 is divided by 521.
127
Calculate the remainder when 274007 is divided by 24.
23
Calculate the remainder when 622185 is divided by 252.
249
Calculate the remainder when 10326 is divided by 25.
1
Calculate the remainder when 200660 is divided by 138.
8
What is the remainder when 318599 is divided by 1114?
1109
Calculate the remainder when 75292 is divided by 293.
284
Calculate the remainder when 82944 is divided by 233.
229
What is the remainder when 157234 is divided by 610?
464
What is the remainder when 6855 is divided by 560?
135
Calculate the remainder when 7982 is divided by 2640.
62
Calculate the remainder when 13289 is divided by 58.
7
What is the remainder when 246228 is divided by 100?
28
What is the remainder when 151382 is divided by 2194?
2190
What is the remainder when 371890 is divided by 60?
10
What is the remainder when 3504 is divided by 129?
21
Calculate the remainder when 10925 is divided by 142.
133
What is the remainder when 41175 is divided by 10293?
3
What is the remainder when 1833 is divided by 509?
306
What is the remainder when 155362 is divided by 323?
322
What is the remainder when 1698 is divided by 546?
60
Calculate the remainder when 115648 is divided by 13.
0
What is the remainder when 7727 is divided by 38?
13
Calculate the remainder when 11319 is divided by 2251.
64
Calculate the remainder when 14790 is divided by 180.
30
Calculate the remainder when 375 is divided by 256.
119
Calculate the remainder when 1205515 is divided by 24110.
15
Calculate the remainder when 1727867 is divided by 1774.
1765
Calculate the remainder when 29724 is divided by 166.
10
Calculate the remainder when 81731 is divided by 27236.
23
Calculate the remainder when 830 is divided by 290.
250
Calculate the remainder when 37518 is divided by 61.
3
What is the remainder when 796 is divided by 566?
230
What is the remainder when 12361027 is divided by 18?
13
What is the remainder when 202 is divided by 102?
100
What is the remainder when 1491 is divided by 1454?
37
Calculate the remainder when 7478 is divided by 209.
163
What is the remainder when 8140 is divided by 70?
20
Calculate the remainder when 25134 is divided by 4178.
66
Calculate the remainder when 443768 is divided by 159.
158
Calculate the remainder when 1039527 is 